False
Is 14189 composite?
True
Is 7729 composite?
True
Is 34583 a composite number?
False
Is 248939 prime?
False
Is 350279 a prime number?
False
Is 6719 a composite number?
False
Is 496733 composite?
False
Is 519383 composite?
False
Is 6017 composite?
True
Is 997001 prime?
True
Is 109807 composite?
False
Is 1374827 prime?
True
Is 79229 prime?
True
Is 4647 composite?
True
Is 18787 prime?
True
Is 33823 prime?
False
Is 13093 a prime number?
True
Is 11731 prime?
True
Is 369791 composite?
False
Is 20813 composite?
True
Is 12569 a prime number?
True
Is 194657 prime?
False
Is 1433255 a composite number?
True
Is 85283 prime?
False
Is 22771 prime?
False
Is 1525801 a prime number?
False
Is 487973 prime?
True
Is 15661 a composite number?
False
Is 2819 a prime number?
True
Is 596803 composite?
False
Is 631 a composite number?
False
Is 975857 prime?
True
Is 88289 a composite number?
False
Is 190273 composite?
True
Is 243889 composite?
False
Is 717659 prime?
True
Is 3199 prime?
False
Is 257137 a prime number?
False
Is 302213 a composite number?
False
Is 7981 composite?
True
Is 682751 prime?
True
Is 5839 a composite number?
False
Is 24431 a prime number?
False
Is 89885 prime?
False
Is 1151303 composite?
False
Is 2153 a prime number?
True
Is 23119 a composite number?
True
Is 4547 a composite number?
False
Is 1540283 a composite number?
True
Is 11278 a prime number?
False
Is 34973 composite?
True
Is 146303 a prime number?
False
Is 22735 a prime number?
False
Is 69593 a prime number?
True
Is 92021 prime?
False
Is 2483461 a prime number?
True
Is 8419 prime?
True
Is 25765 a prime number?
False
Is 24263 composite?
True
Is 74839 a prime number?
False
Is 16943 a composite number?
False
Is 1015827 prime?
False
Is 6599 a prime number?
True
Is 122197 a prime number?
False
Is 95753 prime?
False
Is 3163 prime?
True
Is 1967 composite?
True
Is 466619 a composite number?
False
Is 2898451 prime?
True
Is 701 composite?
False
Is 5981 a prime number?
True
Is 1934 composite?
True
Is 71069 composite?
False
Is 30823 prime?
False
Is 28049 composite?
True
Is 49963 a composite number?
True
Is 2237 a prime number?
True
Is 5539 prime?
False
Is 360442 a composite number?
True
Is 267959 a prime number?
True
Is 17657 prime?
True
Is 1118213 a prime number?
False
Is 54227 composite?
True
Is 105649 prime?
True
Is 173887 a prime number?
False
Is 524738 composite?
True
Is 6521 a prime number?
True
Is 17893 a prime number?
False
Is 1883 a composite number?
True
Is 138283 a composite number?
False
Is 1517813 a composite number?
True
Is 141145 composite?
True
Is 32531 composite?
False
Is 60859 prime?
True
Is 153887 prime?
True
Is 25331 a composite number?
True
Is 45659 prime?
True
Is 21239 composite?
True
Is 30367 a composite number?
False
Is 1105327 a composite number?
False
Is 5879 prime?
True
Is 226477 composite?
True
Is 7727 a composite number?
False
Is 8909 prime?
False
Is 24733 a composite number?
False
Is 574423 composite?
False
Is 50327 a prime number?
False
Is 1064233 composite?
True
Is 192029 prime?
True
Is 140561 composite?
True
Is 297683 composite?
False
Is 351761 a composite number?
True
Is 69899 prime?
True
Is 263647 a prime number?
True
Is 38929 composite?
True
Is 9601 prime?
True
Is 541613 a prime number?
True
Is 8119 composite?
True
Is 87595 a prime number?
False
Is 4441 a composite number?
False
Is 68933 a composite number?
True
Is 1985 prime?
False
Is 133897 a composite number?
True
Is 1514 prime?
False
Is 347 prime?
True
Is 954971 prime?
True
Is 4121 a prime number?
False
Is 72431 composite?
False
Is 15763 composite?
True
Is 991 a prime number?
True
Is 17567 composite?
True
Is 864242 a prime number?
False
Is 529847 a prime number?
True
Is 17291 prime?
True
Is 950834 composite?
True
Is 2062 prime?
False
Is 13511 a prime number?
False
Is 2161613 composite?
False
Is 4783502 a composite number?
True
Is 2623 prime?
False
Is 2245 a composite number?
True
Is 159281 prime?
False
Is 23017 prime?
True
Is 23459 a composite number?
False
Is 27149 composite?
True
Is 419921 a prime number?
True
Is 14609 a composite number?
True
Is 10966 prime?
False
Is 27959 composite?
True
Is 50023 prime?
True
Is 10637 a prime number?
False
Is 29683 a prime number?
True
Is 1735 a prime number?
False
Is 5683 a composite number?
False
Is 212281 prime?
True
Is 10487 composite?
False
Is 6407 composite?
True
Is 852721 a prime number?
False
Is 804983 a composite number?
False
Is 12781 prime?
True
Is 10487 prime?
True
Is 61781 composite?
False
Is 13523 a composite number?
False
Is 13645 a prime number?
False
Is 386411 a prime number?
True
Is 11962 a composite number?
True
Is 509311 a prime number?
False
Is 444743 composite?
True
Is 138122 prime?
False
Is 1416567 composite?
True
Is 749543 a composite number?
False
Is 1571223 composite?
True
Is 5223 a prime number?
False
Is 28319 composite?
False
Is 26063 a composite number?
True
Is 173617 composite?
False
Is 102293 a prime number?
True
Is 15451 composite?
False
Is 76661 a composite number?
True
Is 282109 a composite number?
True
Is 53683 prime?
False
Is 1627309 composite?
False
Is 3785227 composite?
False
Is 299 a composite number?
True
Is 36151 composite?
False
Is 280781 a composite number?
True
Is 1198783 composite?
True
Is 42907 a prime number?
False
Is 27689 prime?
True
Is 2811 composite?
True
Is 197719 prime?
False
Is 2317 prime?
False
Is 98305 a composite number?
True
Is 158161 a composite number?
False
Is 1927 prime?
False
Is 735809 composite?
False
Is 889727 prime?
True
Is 3043 a composite number?
True
Is 2052283 a composite number?
True
Is 16361 prime?
True
Is 1679 composite?
True
Is 265 a prime number?
False
Is 4493 a composite number?
False
Is 28961 a composite number?
False
Is 18899 a prime number?
True
Is 313865 prime?
False
Is 36969 a composite number?
True
Is 10061 prime?
True
Is 23717 a composite number?
True
Is 22693 composite?
True
Is 5273 composite?
False
Is 3611 a prime number?
False
Is 3394 a prime number?
False
Is 242615 prime?
False
Is 4579 a composite number?
True
Is 44439 prime?
False
Is 87911 a composite number?
False
Is 685145 a composite number?
True
Is 267373 prime?
True
Is 553321 prime?
False
Is 227237 a composite number?
True
Is 691 a composite number?
False
Is 15391 a prime number?
True
Is 26449 a prime number?
True
Is 2437661 composite?
True
Is 1423 prime?
True
Is 22565 a prime number?
False
Is 14207 a composite number?
False
Is 2159 a prime number?
False
Is 598855 a prime number?
False
Is 9989 prime?
False
Is 86363 composite?
True
Is 57947 composite?
False
Is 44294 prime?
False
Is 24143 prime?
False
Is 1774 composite?
True
Is 409229 composite?
True
Is 766687 a composite number?
False
Is 208671 prime?
False
Is 9134 composite?
True
Is 861523 composite?
True
Is 50537 prime?
False
Is 1361777 a composite number?
False
Is 5969 a composite number?
True
Is 5147 prime?
True
Is 39441 composite?
True
Is 16741 a composite number?
False
Is 11693 prime?
False
Is 6227 prime?
False
Is 11783 prime?
True
Is 232187 a prime number?
True
Is 129322 composite?
True
Is 3762689 composite?
True
Is 153611 a prime number?
True
Is 53189 prime?
True
Is 306413 a prime number?
False
Is 1973 prime?
True
Is 1151 a composite number?
False
Is 12671 composite?
False
Is 88649 prime?
False
Is 1514 prime?
False
Is 2537527 composite?
False
Is 40577 prime?
True
Is 138665 composite?
True
Is 2629 a prime number?
False
Is 48157 a composite number?
False
Is 4284699 prime?
False
Is 167735 composite?
True
Is 541 prime?
True
Is 18347 a prime number?
False
Is 46947 prime?
False
Is 2161 a prime number?
True
Is 290679 composite?
True
Is 1624627 composite?
False
Is 177511 prime?
True
Is 2459 a prime number?
True
Is 124957 composite?
True
Is 7811735 a composite number?
True
Is 23453 a composite number?
True
Is 42191 composite?
True
Is 629403 a composite number?
True
Is 115447 a composite number?
True
Is 136229 prime?
False
Is 227491 a composite number?
True
Is 38167 composite?
False
Is 269239 a composite number?
True
Is 158699 a prime number?
True
Is 33833 a composite number?
True
Is 28346 composite?
True
Is 34753 a prime number?
False
Is 1285351 prime?
True
Is 13487 a composite number?
False
Is 958 prime?
False
Is 305837 a composite number?
True
Is 1087 composite?
False
Is 3771